9 (base 12) to base 4
1011022131
1021112220121 (base 3) to base 13
1aa72a
What is 412143a (base 11) in base 7?
115602633
What is 55f61f (base 16) in base 12?
1a781bb
-10101210012122 (base 3) to base 2
-110111001000100010110
-32146b (base 12) to base 11
-49a895
-3700a (base 15) to base 7
-1330456
Convert 66796 (base 10) to base 3.
10101121221
Convert -132100322 (base 4) to base 7.
-1024256
Convert -120332333 (base 5) to base 8.
-2102604
-1110000012020 (base 3) to base 13
-20b60b
1c8a8b (base 15) to base 12
574028
Convert 379590 (base 14) to base 12.
780336
1343096 (base 10) to base 3
2112020101022
What is c855d (base 14) in base 9?
816835
Convert -4535002 (base 7) to base 15.
-b1ea1
Convert -111221110 (base 3) to base 2.
-10011110110100
Convert -6fb7d (base 16) to base 11.
-292888
14552335 (base 6) to base 4
1331013203
105044255 (base 6) to base 2
111010100100001001011
What is -206644 (base 11) in base 12?
-13b57a
What is 1660752 (base 8) in base 7?
4053356
Convert 18338125 (base 9) to base 3.
122101022010212
26064116 (base 7) to base 16
242534
-26129 (base 14) to base 9
-152261
112402043 (base 6) to base 9
3826260
-11e66 (base 15) to base 4
-31332132
-10011001000011111010 (base 2) to base 10
-626938
-1100101001111111101100 (base 2) to base 8
-14517754
Convert -12bb72 (base 13) to base 14.
-bb90a
What is -15411524 (base 6) in base 11?
-34326a
Convert 62615 (base 12) to base 13.
467b1
1be7 (base 15) to base 9
8281
What is -1110110101000010010000 (base 2) in base 7?
-45020041
What is 204440400 (base 5) in base 15?
11e71a
What is -110000100110001000010 (base 2) in base 16?
-184c42
-248698 (base 10) to base 4
-330231322
What is -1676072 (base 8) in base 15?
-9a539
What is -343013 (base 5) in base 3?
-121211000
What is -102032012 (base 4) in base 14?
-1d2aa
-101101100011101011 (base 2) to base 8
-554353
What is -3234012 (base 6) in base 3?
-22010212022
30001341 (base 5) to base 16
39464
Convert 62408 (base 11) to base 7.
526210
1186897 (base 10) to base 12
492a41
What is -29f691 (base 16) in base 2?
-1010011111011010010001
Convert 46956 (base 13) to base 7.
1045101
Convert 22114341 (base 7) to base 12.
779430
-22222121002 (base 3) to base 14
-48644
What is 10211121002 (base 3) in base 7?
433115
12010101011 (base 3) to base 2
11000101000001100
10000011011110001 (base 2) to base 8
203361
43583 (base 10) to base 8
125077
42c05c (base 15) to base 7
36011130
What is 3566660 (base 9) in base 13?
5292b7
-249b61 (base 16) to base 6
-123230453
What is 145720 (base 9) in base 11?
61295
What is -38089 (base 14) in base 13?
-4a672
30431504 (base 6) to base 13
248491
cb5c (base 15) to base 13
167a6
Convert 302015 (base 7) to base 3.
2121010022
210022120021 (base 3) to base 12
182997
Convert -c89b77 (base 13) to base 3.
-22212002001110
Convert 111111100001001001 (base 2) to base 13.
91560
-9df565 (base 16) to base 2
-100111011111010101100101
Convert -22412 (base 9) to base 10.
-14915
4c64b (base 13) to base 9
235317
What is 4f28 (base 16) in base 9?
30715
Convert 1033012035 (base 6) to base 14.
167c487
What is 1012310 (base 6) in base 8?
136562
-11423120410 (base 5) to base 9
-27338206
Convert 1105124 (base 6) to base 16.
d90c
What is -1020460 (base 12) in base 13?
-8203a1
What is 35223 (base 9) in base 10?
23511
Convert 790450 (base 10) to base 12.
32152a
-a5a50 (base 12) to base 15
-446a0
What is 88321 (base 15) in base 12?
18a4aa
626640 (base 12) to base 6
53044120
1012101102020 (base 3) to base 11
3a5a1a
What is -1111111110001110011101 (base 2) in base 12?
-149b079
1326642 (base 7) to base 13
61a01
353044 (base 7) to base 9
106071
What is -54a832 (base 11) in base 13?
-249908
What is 1027476 (base 10) in base 7?
11506362
What is 2a8a0 (base 16) in base 8?
524240
What is -20a299 (base 12) in base 3?
-222011221000
Convert 355562 (base 10) to base 16.
56cea
Convert 25805 (base 10) to base 15.
79a5
256637 (base 8) to base 16
15d9f
Convert -6213252 (base 7) to base 12.
-2ba029
Convert 1323af (base 16) to base 6.
42515011
23507534 (base 8) to base 14
9803c8
Convert 223143 (base 9) to base 15.
2986c
99de6 (base 15) to base 13
141843
Convert 204015201 (base 6) to base 3.
20200021100201
-353237 (base 10) to base 15
-6e9e2
What is -4b7ac6 (base 13) in base 16?
-1bb7fe
What is 10100110111 (base 3) in base 5?
4102242
What is 1667b12 (base 12) in base 7?
54146615
What is -22810848 (base 9) in base 14?
-16923bb
Convert 4d668 (base 15) to base 5.
30412243
Convert -1741dd (base 14) to base 6.
-25311303
Convert -11001111110111010 (base 2) to base 4.
-121332322
Convert 263849 (base 11) to base 7.
3345542
Convert -493218 (base 10) to base 9.
-831510
367e22 (base 15) to base 8
11747052
-122410211 (base 5) to base 13
-1791b1
What is 30052241 (base 6) in base 7?
10124566
Convert 37541512 (base 8) to base 14.
1163750
Convert 10100001111001000100 (base 2) to base 16.
a1e44
What is -10111010000011100111011 (base 2) in base 14?
-b49b87
100111011000101011 (base 2) to base 4
213120223
-1010001011010010010010 (base 2) to base 5
-1140331131
What is -464057 (base 9) in base 2?
-1000100000000000010
What is -23112252 (base 8) in base 14?
-949014
3d028 (base 16) to base 5
30444041
What is -402011133 (base 5) in base 15?
-2176cd
What is -12333100032 (base 4) in base 5?
-432110300
What is 121112233 (base 4) in base 6?
2120451
Convert 200223211 (base 4) to base 15.
299e1
21121220100022 (base 3) to base 15
550c42
What is -1011212120222 (base 3) in base 14?
-1248c3
-123241 (base 6) to base 10
-11113
Convert 111100111001001000000 (base 2) to base 10.
1995328
Convert -33527 (base 10) to base 3.
-1200222202
Convert -5125730 (base 8) to base 12.
-553b88
What is 10322152 (base 7) in base 6?
30503534
1330032410 (base 5) to base 15
466070
Convert 1233002102 (base 5) to base 14.
587138
-4c812 (base 15) to base 6
-5125225
-17b8d3a (base 15) to base 3
-1012112120200101
What is -515312234 (base 6) in base 5?
-4241431241
3445502 (base 6) to base 9
300452
-220021011021 (base 3) to base 5
-110240420
3331043 (base 6) to base 11
104877
Convert a3a3b0 (base 13) to base 15.
50733d
What is 448766 (base 10) in base 12?
197852
Convert -44566 (base 8) to base 9.
-27715
Convert 2213241244 (base 5) to base 8.
22310711
Convert 41431221 (base 6) to base 8.
4453035
Convert -29a331 (base 15) to base 4.
-13222130032
1210000020201 (base 3) to base 5
220214330
Convert 1101002210102 (base 3) to base 5.
141332212
Convert -421042 (base 7) to base 16.
-11ad3
What is -5184789 (base 11) in base 6?
-523541124
Convert 212010211 (base 3) to base 16.
41e6
-2321323213 (base 4) to base 3
-1102200200111
Convert 10101010110110010 (base 2) to base 7.
513012
-3cd3b (base 15) to base 10
-195356
What is 10211210222201 (base 3) in base 11?
1176248
-1322001030 (base 4) to base 12
-201290
What is -143002314 (base 5) in base 10?
-750334
Convert 980a7 (base 13) to base 9.
457811
Convert -677188 (base 9) to base 11.
-257713
-c0bd (base 15) to base 12
-1b65a
-250601445 (base 7) to base 4
-330010321323
Convert -4324021431 (base 5) to base 2.
-100011000111001110001000
What is -5f3464 (base 16) in base 4?
-113303101210
What is -2223052 (base 6) in base 12?
-54a88
Convert 10334232 (base 5) to base 9.
146335
Convert 8113516 (base 10) to base 4.
132330311230
What is -514c9 (base 14) in base 5?
-22231120
-1576 (base 8) to base 16
-37e
-123310311 (base 5) to base 4
-2103122313
1360032 (base 8) to base 7
3162411
737482 (base 9) to base 7
3504335
Convert -1114557 (base 10) to base 11.
-6a1424
-115104100 (base 6) to base 7
-24466251
-2312412 (base 7) to base 9
-480403
What is 199713 (base 10) in base 7?
1461153
-2201012001 (base 3) to base 13
-1b391
3404345 (base 11) to base 14
b139a7
2113150 (base 7) to base 16
3e683
Convert -43c516 (base 13) to base 9.
-3005137
-48276c (base 15) to base 3
-20111022210010
Convert 453b94 (base 16) to base 8.
21235624
-261395 (base 12) to base 14
-123769
What is -31031000 (base 5) in base 8?
-754140
1477131 (base 10) to base 15
1e2a06
-2096753 (base 13) to base 10
-9925100
1022023 (base 7) to base 3
20020221021
Convert 3111766 (base 11) to base 16.
53cf91
Convert -341630 (base 9) to base 3.
-101101201000
What is 22112012000202 (base 3) in base 10?
4530755
Convert -11012111111120 (base 3) to base 13.
-602b0b
Convert 1100101011